{"id":455,"date":"2026-04-04T13:56:19","date_gmt":"2026-04-04T11:56:19","guid":{"rendered":"https:\/\/emobil1.de\/?post_type=product&#038;p=455"},"modified":"2026-04-04T22:07:56","modified_gmt":"2026-04-04T20:07:56","slug":"zweisitzer-fl45-ab-15-jahre-zu-fahren","status":"publish","type":"product","link":"https:\/\/emobil1.de\/?product=zweisitzer-fl45-ab-15-jahre-zu-fahren","title":{"rendered":"Zweisitzer FL45 ab 15 Jahre zu fahren"},"content":{"rendered":"<p>Demn\u00e4chst erh\u00e4ltlich!<\/p>\n<p>2-Sitzer, beide Sitze vorne<\/p>\n<p>in diversen Motorvarianten von 2000 bis 4000W erh\u00e4ltich.<\/p>\n","protected":false},"excerpt":{"rendered":"<p>Demn\u00e4chst erh\u00e4ltlich! 2-Sitzer, beide Sitze vorne in diversen Motorvarianten von 2000 bis 4000W erh\u00e4ltich.<\/p>\n","protected":false},"featured_media":456,"comment_status":"open","ping_status":"closed","template":"","meta":[],"product_brand":[],"product_cat":[21,22],"product_tag":[],"class_list":{"0":"post-455","1":"product","2":"type-product","3":"status-publish","4":"has-post-thumbnail","6":"product_cat-4-rad-fahrzeuge","7":"product_cat-fahrzeuge","9":"first","10":"instock","11":"shipping-taxable","12":"product-type-simple"},"jetpack_sharing_enabled":true,"_links":{"self":[{"href":"https:\/\/emobil1.de\/index.php?rest_route=\/wp\/v2\/product\/455","targetHints":{"allow":["GET"]}}],"collection":[{"href":"https:\/\/emobil1.de\/index.php?rest_route=\/wp\/v2\/product"}],"about":[{"href":"https:\/\/emobil1.de\/index.php?rest_route=\/wp\/v2\/types\/product"}],"replies":[{"embeddable":true,"href":"https:\/\/emobil1.de\/index.php?rest_route=%2Fwp%2Fv2%2Fcomments&post=455"}],"wp:featuredmedia":[{"embeddable":true,"href":"https:\/\/emobil1.de\/index.php?rest_route=\/wp\/v2\/media\/456"}],"wp:attachment":[{"href":"https:\/\/emobil1.de\/index.php?rest_route=%2Fwp%2Fv2%2Fmedia&parent=455"}],"wp:term":[{"taxonomy":"product_brand","embeddable":true,"href":"https:\/\/emobil1.de\/index.php?rest_route=%2Fwp%2Fv2%2Fproduct_brand&post=455"},{"taxonomy":"product_cat","embeddable":true,"href":"https:\/\/emobil1.de\/index.php?rest_route=%2Fwp%2Fv2%2Fproduct_cat&post=455"},{"taxonomy":"product_tag","embeddable":true,"href":"https:\/\/emobil1.de\/index.php?rest_route=%2Fwp%2Fv2%2Fproduct_tag&post=455"}],"curies":[{"name":"wp","href":"https:\/\/api.w.org\/{rel}","templated":true}]}}